2 + s**3/2 + 540*s**2. Let o be (4 - 8 - -1)*1. What is t(o)?
-18
Let t(j) be the second derivative of -j**5/20 - j**4/2 - j**3/2 + 5*j**2/2 - 6*j - 1. Suppose 11*f - 4*q + 36 = 6*f, 0 = 3*f - q + 16. What is t(f)?
-15
Let a(c) = 3*c**2 - 18*c + 31. Suppose 12 = 14*r - 30. Determine a(r).
4
Suppose -4*w = 2*w - 12. Suppose w = -3*b - 10. Let g(p) = 4*p**2 + 5*p. Let q(k) = 11*k**2 + 15*k + 1. Let x(s) = 8*g(s) - 3*q(s). Determine x(b).
1
Let u(k) = -k**2 - 33*k - 136. Let m(x) = -x**3 - 6*x**2 + 121*x + 770. Let b be m(-7). Give u(b).
4
Let l(z) = -14 - 39*z**2 - 306*z - 6*z**3 + 304*z + 9*z**3 + 41. Calculate l(13).
1
Let n(k) = -44*k**2 - 1891*k + 45. Let j be n(-43). Let l(f) = -2*f**3 + 3*f**2 - 5*f + 3. Determine l(j).
-11
Let r(i) = -3*i. Let j(b) = 3*b + 1. Let f(s) = 5*j(s) + 4*r(s). Let d(c) = 31*c + 783. Let l be d(-25). What is f(l)?
29
Suppose 6 = -4*f - 2. Let u(j) be the third derivative of j**6/40 - j**5/30 - j**4/12 + j**3/6 - 77*j**2 + 5*j. Calculate u(f).
-27
Let j(z) = 6*z + 8. Let l(n) = -7*n + 36. Let i be l(4). Suppose -16*p = -17*p - 2*c - i, 3*p = 3*c - 15. Determine j(p).
-28
Let x = -4 + 8. Suppose -2*o = -2*q + 24, -3*q - 20 = -x*q + 3*o. Let c(i) = 4 - 2 - 9 + i**2 + 8 - q*i. Calculate c(6).
-11
Let g(d) = -d**2 + 2*d - 1. Let z(h) = -1 - 3*h + 6 - 6 + 1 + 2*h**2. Let a(r) = -3*g(r) - z(r). Give a(2).
1
Let l(u) be the second derivative of -u**5/20 - u**3/3 + u**2/2 + 11403*u. Suppose -5*t + 5*x + 9 + 1 = 0, 4*t - 5*x = 7. Determine l(t).
-32
Let o(w) = 11*w**2 + 4*w. Let r(j) = 12*j**2 + 5*j. Let l(f) = 6*o(f) - 5*r(f). Let v = -134262 + 134261. Calculate l(v).
7
Let y(l) = 11*l**3 - 9*l**2 - 18*l - 82. Let v(i) = 12*i**3 - 9*i**2 - 19*i - 90. Let o(g) = -10*v(g) + 11*y(g). Give o(8).
-130
Let a(n) = -2*n**2 + 11*n + 108. Let i be a(-5). Let h(y) = y**i - 8*y**2 - 10 + 6*y + 49 - 39. Calculate h(4).
-40
Let i(s) = -4*s + 1. Let f(m) be the third derivative of -m**5/60 - m**4/2 + 11*m**3/2 + 26*m**2. Let v be f(-13). Let h = -18 + v. Determine i(h).
-7
Suppose -135*v + 0*v + 1174 + 1121 = 0. Let p(x) = -x**2 - 5*x + 377. Give p(v).
3
Let u(f) = f**3 - 7*f**2 - 7*f - 10. Let x = -800 + 840. Suppose 358*j - 363*j + x = 0. Give u(j).
-2
Let n(p) = 7*p**2 - p + 1. Let u(y) = -14*y**2 + 2*y - 2. Let g(r) = 7*n(r) + 4*u(r). Let j = -1290 - -3042. Let m be ((-8)/22)/2 + j/803. Determine g(m).
-27
Let v(t) = t**2 - 11*t + 9. Let o(n) = -4*n**2 - 57*n - 3. Suppose -34*p + 70 - 546 = 0. Let q be o(p). Calculate v(q).
9
Let s(i) = 4*i**2 + 10*i - 1. Let d = 18 + -21. Let n be s(d). Let y(g) = 45*g - 22*g - 21*g - n. Give y(7).
9
Let p(u) be the second derivative of -6*u**3 + 2922*u. What is p(-3)?
108
Let o(f) = 7 + 2*f**3 - 16*f**2 + f**3 + 16 - 2*f**3 - f. Let z = 2791 - 2775. Give o(z).
7
Suppose 282 - 568 = 22*a. Let r(m) = m**3 + 14*m**2 + 20*m + 65. Calculate r(a).
-26
Let c be (23 - (-6432)/(-224))/((-4)/14). Let g(n) = 10*n - 195. Determine g(c).
5
Suppose 4*k + 3*d - 21 = 6*d, 3*d = -2*k + 15. Let y(x) = -x**3 - 70*x - 10 - 68*x + 129*x + 9 + 7 + 7*x**2. Determine y(k).
-12
Let s(t) = -15*t**3 + 2*t**2 + t - 3. Let n be s(2). Let y = n - -111. Let r(v) = v**2 - 2. Determine r(y).
2
Let g(y) = 29*y - 13. Let u = 2320 + -2316. What is g(u)?
103
Let w(h) = h - 24 - 3*h + 0*h + 26 - 4*h**3 + h**2. Suppose 2*d - 67 = 3*z - 48, 0 = d + 3*z + 13. Calculate w(d).
-30
Let v(a) = 43*a + 679 - 737 - 87*a + 42*a. Give v(-11).
-36
Let x(c) be the second derivative of 3*c + 1/3*c**3 + 1/6*c**4 - 13 + 1/2*c**2. Let w = -6 + 4. Determine x(w).
5
Suppose -57 + 72 = 5*l. Suppose -6*z = l*j - z + 38, -5*j + 5*z - 10 = 0. Let g(t) = -t**2 - 5*t. Calculate g(j).
-6
Let l(t) = t**2 - 2*t - 6. Suppose -16*y - 68 = -100. Suppose 3*o = -9*o + y*o. Determine l(o).
-6
Let p(q) be the first derivative of -q**3/3 - q**2 + 3. Suppose 3*i = c + 9, c - 23 = 6*c - 4*i. What is p(c)?
-3
Let n(i) = -2*i + 4. Let z be 6/((-9)/(-3)) - -3. Let w be n(z). Let j(t) be the second derivative of t**3/6 + 3*t**2 - 1125*t. Determine j(w).
0
Let c(y) = -y**3 + 11*y**2 - 15*y + 38. Let s = 5359 + -5349. What is c(s)?
-12
Let j(s) = 76*s**2 + 41*s + 137. Let c(v) = -25*v**2 - v + 1. Let n(m) = 3*c(m) + j(m). Give n(-4).
4
Let f(i) be the second derivative of 33*i - 3 - 1/2*i**4 - i**2 - 1/20*i**5 - 2/3*i**3. Calculate f(-4).
-18
Suppose 2*b - 4 = -2*y, 4*y + 5 = 2*b - 5. Let m(q) = -3*q. Let f(o) = o**3 + 10*o**2 + 17*o - 3. Let j(n) = y*f(n) - 3*m(n). What is j(-9)?
-6
Let o(k) = -k**2 + 8*k - 9. Let j be o(4). Let g(i) = -1 + i + 1 - j + 1. Let t = -179 - -179. Calculate g(t).
-6
Let t(a) = -29*a**2 + 40 + 19*a - 3*a - 4 + 6*a**2 + 25*a**2. What is t(-7)?
22
Let p(z) = -6*z**2 + 1 + 1 - 1. Let b = -2271 + 2270. Give p(b).
-5
Let a(t) be the third derivative of -35*t**2 + 0*t + 1/24*t**4 - 1/12*t**5 + 0 + 0*t**3. Calculate a(-2).
-22
Let f(u) = -6*u - 1. Let y be -4 - (-5)/(30/264). Let l = -41 + y. Give f(l).
5
Let o(y) = 3*y**2 - 11*y - 1. Suppose v - 2895 = -2890. What is o(v)?
19
Let j = -403 + 403. Let d(n) = -n**3 - n**2 + 1. Let z(t) = t + 1 - 20*t**3 - 4*t**2 + 8 + 16*t**3. Let o(v) = -5*d(v) + z(v). What is o(j)?
4
Let n(f) = 3*f + 156. Suppose 3*x = -2*w - 109, 4*x + 63 + 49 = -2*w. What is n(w)?
6
Let o(t) be the first derivative of 2*t**2 - 83*t - 1236. Give o(21).
1
Let u = -330 + 337. Let t(h) = h**3 - 7*h**2 + h + 16. Calculate t(u).
23
Let o(j) = -9*j + 20. Let z(l) = -104*l + 632. Let n be z(6). Calculate o(n).
-52
Let l(o) = -37*o**2 + 225*o - 11. Suppose 3*b + 203 - 200 = 4*x, -3*x + 5*b - 17 = 0. Give l(x).
7
Let v(a) = -2*a + 4. Let t(p) be the second derivative of -p**4/12 - 4*p**3 - 30*p**2 + 65*p. Let z be t(-21). Give v(z).
-2
Let y = 127 + -120. Suppose -6 = -y*i + 155. Let u(g) = g**2 - 20*g + 4 - i*g + 35*g. Give u(6).
-8
Let j(f) = 220*f - 229. Let h(o) = -709*o + 689. Let d(v) = 3*h(v) + 10*j(v). What is d(3)?
-4
Let u(x) = 66282972 - 66282972 - 92*x. What is u(2)?
-184
Let d(g) = 7*g - 5. Let m(a) = -3*a + 4. Let i(n) = 2*d(n) + 3*m(n). Let v = 42 + -48. Determine i(v).
-28
Let z(r) = r**3 + 2*r**2 - 1. Let p(n) = -6*n**3 + 2*n**2 + n. Let f be p(-1). Suppose 3 = -f*l - 11. Calculate z(l).
-1
Let y(a) = -8*a + 68. Let v be y(9). Let r(u) = 9*u + 38. Let h be r(13). Let t(p) = 2 + 0 + h*p - 153*p. What is t(v)?
-6
Let v(o) be the second derivative of 4*o**3/3 - 95*o**2 + o - 25. Determine v(25).
10
Let f(q) = 23*q + 71. Suppose 2*x - 35 + 70 = 29. Determine f(x).
2
Let i = 1418 + -1440. Let r(t) = t + 29. What is r(i)?
7
Let n(u) be the first derivative of -u**2/2 + 35*u - 2664. Give n(-9).
44
Let s(j) = -j**2 + 108*j + 2*j**2 + 4 + 1 - 101*j. Suppose 0*a + 4*a - 11 = q, -3*q - 20 = a. Let b be (6/q)/((-19)/(-133)). What is s(b)?
-1
Suppose 24 = 3*p + 3*p. Suppose p*n + 5*h = 268, 0 = -3*n + 2*h + 378 - 154. Suppose -i - 11*i + n = 0. Let m(q) = 2*q - 4. Calculate m(i).
8
Let t(g) = -g**3 - 8*g**2 + 9*g - 3. Let a be 45*((-48)/(-20) - 0). Suppose -6*y = 6*y + a. Determine t(y).
-3
Let w(o) be the second derivative of -o**7/840 + o**6/180 + o**5/120 + o**4/12 + 209*o**3/6 - 15*o. Let j(r) be the second derivative of w(r). Give j(3).
-4
Let k(f) = -33*f + 294. Let j(g) = -g**3 + 11*g**2 + 27*g - 171. Let v be j(12). Give k(v).
-3
Suppose 0 = o + 5*x - 17 - 23, 2*o - 50 = 5*x. Let y(z) = -8 + o - 2*z - z**2 - 26. Let g = 7 - 4. Calculate y(g).
-19
Suppose -156*y + 142*y + 196 = 0. Suppose 84*l - 82*l + 5*w = -32, 5*l = 4*w - y. Let f(h) = -5*h - 6*h + 3*h - h**2. Determine f(l).
12
Suppose -9*a - 2*s - 1 = -10*a, 5*a = 3*s - 16. Let w(x) = -x**3 - x**2 - x + 1. Let k(q) = -2*q**3 - 7*q**2 - 4*q + 5. Let b(h) = k(h) - w(h). Determine b(a).
-6
Let g(l) be the first derivative of -3*l**3 + l**2 - 4*l - 3574. What is g(3)?
-79
Let w(a) = -a**3 + 11*a**2 - 23*a - 7. Let q be w(8). Let b(k) = -11*k**3 + k**2 + k - 1. Give b(q).
-10
Let s(f) be the first derivative of -3*f**2 - 15*f - 2656. Determine s(-9).
39
Let l(s) be the first derivative of s**4/4 + 4*s**3 + 7*s**2/2 - 55*s + 3455. What is l(-11)?
-11
Let j(o) be the first derivative of 1/3*o**3 - 1 - 3*o - 11/2*o**2. Calculate j(11).
-3
Let s(v) be the first derivative of -v**4/4 + 10*v**3/3 + 6*v**2 + 3*v + 1327. Suppose -82 = -5*l - 27. Calculate s(l).
14
Suppose 3*k = -23*k + 7696